
2, 31, 67
List the prime factors of 5324.
2, 11
What are the prime factors of 7225?
5, 17
What are the prime factors of 36584?
2, 17, 269
List the prime factors of 3378.
2, 3, 563
What are the prime factors of 177933?
3, 7, 37, 229
What are the prime factors of 75927?
3, 25309
List the prime factors of 5389.
17, 317
List the prime factors of 2217.
3, 739
What are the prime factors of 3553?
11, 17, 19
List the prime factors of 11250.
2, 3, 5
What are the prime factors of 862?
2, 431
What are the prime factors of 23059?
23059
List the prime factors of 33352.
2, 11, 379
What are the prime factors of 424?
2, 53
What are the prime factors of 1797?
3, 599
What are the prime factors of 100816?
2, 6301
List the prime factors of 43272.
2, 3, 601
What are the prime factors of 3123?
3, 347
What are the prime factors of 1311?
3, 19, 23
What are the prime factors of 56201?
43, 1307
List the prime factors of 755.
5, 151
List the prime factors of 26440.
2, 5, 661
What are the prime factors of 1816?
2, 227
List the prime factors of 12160.
2, 5, 19
List the prime factors of 59651.
59651
What are the prime factors of 11301?
3, 3767
What are the prime factors of 11424?
2, 3, 7, 17
What are the prime factors of 51095?
5, 11, 929
List the prime factors of 2648.
2, 331
What are the prime factors of 2495?
5, 499
List the prime factors of 1297.
1297
List the prime factors of 7618.
2, 13, 293
What are the prime factors of 1017?
3, 113
List the prime factors of 425.
5, 17
List the prime factors of 23816.
2, 13, 229
List the prime factors of 5725.
5, 229
What are the prime factors of 1813?
7, 37
List the prime factors of 10363.
43, 241
What are the prime factors of 8966?
2, 4483
What are the prime factors of 22825?
5, 11, 83
What are the prime factors of 12486?
2, 3, 2081
What are the prime factors of 1055?
5, 211
What are the prime factors of 121?
11
List the prime factors of 1860.
2, 3, 5, 31
List the prime factors of 628.
2, 157
What are the prime factors of 47358?
2, 3, 877
List the prime factors of 4895.
5, 11, 89
List the prime factors of 11704.
2, 7, 11, 19
What are the prime factors of 647?
647
What are the prime factors of 8231?
8231
List the prime factors of 32430.
2, 3, 5, 23, 47
What are the prime factors of 2900?
2, 5, 29
List the prime factors of 1741.
1741
What are the prime factors of 252?
2, 3, 7
What are the prime factors of 51271?
11, 59, 79
What are the prime factors of 153939?
3, 23, 97
List the prime factors of 1981.
7, 283
List the prime factors of 1276.
2, 11, 29
What are the prime factors of 5468?
2, 1367
What are the prime factors of 4683?
3, 7, 223
List the prime factors of 94469.
17, 5557
What are the prime factors of 16872?
2, 3, 19, 37
What are the prime factors of 811?
811
List the prime factors of 5747.
7, 821
What are the prime factors of 45456?
2, 3, 947
List the prime factors of 30314.
2, 23, 659
List the prime factors of 2495.
5, 499
What are the prime factors of 7945?
5, 7, 227
List the prime factors of 1638.
2, 3, 7, 13
List the prime factors of 26006.
2, 13003
What are the prime factors of 90912?
2, 3, 947
What are the prime factors of 1557?
3, 173
List the prime factors of 6856.
2, 857
What are the prime factors of 25004?
2, 7, 19, 47
What are the prime factors of 412?
2, 103
List the prime factors of 3091.
11, 281
List the prime factors of 4489.
67
List the prime factors of 3107.
13, 239
List the prime factors of 132.
2, 3, 11
What are the prime factors of 436?
2, 109
List the prime factors of 2779.
7, 397
What are the prime factors of 77215?
5, 15443
List the prime factors of 63310.
2, 5, 13, 487
What are the prime factors of 10121?
29, 349
List the prime factors of 378.
2, 3, 7
What are the prime factors of 2279?
43, 53
What are the prime factors of 463?
463
What are the prime factors of 151?
151
List the prime factors of 4286.
2, 2143
List the prime factors of 35295.
3, 5, 13, 181
What are the prime factors of 1224?
2, 3, 17
What are the prime factors of 310?
2, 5, 31
List the prime factors of 56831.
17, 3343
What are the prime factors of 6276?
2, 3, 523
What are the prime factors of 817?
19, 43
List the prime factors of 12343.
12343
What are the prime factors of 415?
5, 83
List the prime factors of 83539.
139, 601
List the prime factors of 1144.
2, 11, 13
What are the prime factors of 40759?
40759
What are the prime factors of 5665?
5, 11, 103
What are the prime factors of 996?
2, 3, 83
What are the prime factors of 367?
367
What are the prime factors of 830?
2, 5, 83
What are the prime factors of 4278?
2, 3, 23, 31
What are the prime factors of 879?
3, 293
List the prime factors of 78218.
2, 7, 37, 151
List the prime factors of 18989.
17, 1117
List the prime factors of 21779.
29, 751
List the prime factors of 3021.
3, 19, 53
List the prime factors of 664.
2, 83
List the prime factors of 8494.
2, 31, 137
What are the prime factors of 307?
307
List the prime factors of 24594.
2, 3, 4099
What are the prime factors of 107642?
2, 107, 503
List the prime factors of 1888.
2, 59
List the prime factors of 2196.
2, 3, 61
List the prime factors of 2867.
47, 61
What are the prime factors of 2279?
43, 53
List the prime factors of 1021.
1021
What are the prime factors of 85566?
2, 3, 13, 1097
What are the prime factors of 1550?
2, 5, 31
List the prime factors of 11687.
13, 29, 31
What are the prime factors of 56638?
2, 28319
What are the prime factors of 4183?
47, 89
List the prime factors of 50782.
2, 25391
List the prime factors of 15223.
13, 1171
List the prime factors of 6572.
2, 31, 53
List the prime factors of 136844.
2, 34211
List the prime factors of 531.
3, 59
List the prime factors of 172.
2, 43
What are the prime factors of 2194?
2, 1097
What are the prime factors of 439?
439
List the prime factors of 32465.
5, 43, 151
List the prime factors of 7710.
2, 3, 5, 257
What are the prime factors of 3388?
2, 7, 11
What are the prime factors of 1771?
7, 11, 23
What are the prime factors of 39176?
2, 59, 83
What are the prime factors of 66325?
5, 7, 379
What are the prime factors of 80553?
3, 11, 2441
What are the prime factors of 397?
397
What are the prime factors of 861?
3, 7, 41
List the prime factors of 49695.
3, 5, 3313
What are the prime factors of 1311?
3, 19, 23
List the prime factors of 64943.
101, 643
List the prime factors of 24490.
2, 5, 31, 79
What are the prime factors of 166084?
2, 41521
What are the prime factors of 84985?
5, 23, 739
What are the prime factors of 10636?
2, 2659
What are the prime factors of 4659?
3, 1553
What are the prime factors of 7474?
2, 37, 101
List the prime factors of 27204.
2, 3, 2267
List the prime factors of 13436.
2, 3359
List the prime factors of 133.
7, 19
What are the prime factors of 28256?
2, 883
What are the prime factors of 55912?
2, 29, 241
What are the prime factors of 233?
233
What are the prime factors of 11470?
2, 5, 31, 37
What are the prime factors of 1048?
2, 131
List the prime factors of 18340.
2, 5, 7, 131
What are the prime factors of 7654?
2, 43, 89
List the prime factors of 112325.
5, 4493
List the prime factors of 54922.
2, 7, 3923
What are the prime factors of 2551?
2551
What are the prime factors of 1011?
3, 337
List the prime factors of 29145.
3, 5, 29, 67
List the prime factors of 11056.
2, 691
List the prime factors of 3834.
2, 3, 71
What are the prime factors of 4531?
23, 197
What are the prime factors of 106502?
2, 11, 47, 103
List the prime factors of 60871.
29, 2099
List the prime factors of 8298.
2, 3, 461
What are the prime factors of 9209?
9209
What are the prime factors of 1870?
2, 5, 11, 17
What are the prime factors of 13418?
2, 6709
List the prime factors of 4085.
5, 19, 43
What are the prime factors of 947?
947
List the prime factors of 9666.
2, 3, 179
What are the prime factors of 683?
683
What are the prime factors of 103966?
2, 227, 229
List the prime factors of 1414.
2, 7, 101
What are the prime factors of 770?
2, 5, 7, 11
What are the prime factors of 137172?
2, 3, 7, 23, 71
List the prime factors of 10633.
7, 31
List the prime factors of 15479.
23, 673
List the prime factors of 5695.
5, 17, 67
List the prime factors of 94841.
94841
What are the prime factors of 1066?
2, 13, 41
What are the prime factors of 8957?
13, 53
List the prime factors 